es 10 divide 7760?
True
Is 4579 a multiple of 41?
False
Is 59488 a multiple of 338?
True
Is 2514 a multiple of 7?
False
Is 40300 a multiple of 41?
False
Is 494 a multiple of 18?
False
Does 46 divide 54969?
False
Is 6 a factor of 7146?
True
Is 4080 a multiple of 19?
False
Is 7 a factor of 22?
False
Is 6321 a multiple of 105?
False
Does 4 divide 492?
True
Does 4 divide 19?
False
Does 11 divide 92263?
False
Does 21 divide 852?
False
Does 68 divide 4080?
True
Does 27 divide 999?
True
Is 15 a factor of 702?
False
Does 11 divide 1463?
True
Is 46 a factor of 2120?
False
Is 5958 a multiple of 32?
False
Is 14 a factor of 1120?
True
Is 431 a multiple of 5?
False
Is 71 a factor of 3879?
False
Is 4 a factor of 156?
True
Is 15162 a multiple of 19?
True
Is 33321 a multiple of 197?
False
Is 14 a factor of 1149?
False
Is 21 a factor of 77842?
False
Is 77430 a multiple of 87?
True
Is 33 a factor of 41059?
False
Is 14 a factor of 294?
True
Is 8 a factor of 4853?
False
Does 50 divide 3100?
True
Is 9 a factor of 11269?
False
Is 5777 a multiple of 41?
False
Does 9 divide 2745?
True
Is 377 a factor of 49009?
False
Does 32 divide 704?
True
Is 9 a factor of 9802?
False
Does 18 divide 320?
False
Is 1044 a multiple of 36?
True
Does 101 divide 23232?
False
Does 45 divide 492?
False
Does 45 divide 3600?
True
Is 6032 a multiple of 116?
True
Is 55120 a multiple of 8?
True
Does 68 divide 884?
True
Is 401 a factor of 28471?
True
Is 10528 a multiple of 28?
True
Is 12013 a multiple of 293?
True
Is 4 a factor of 808?
True
Does 8 divide 344?
True
Does 31 divide 5515?
False
Is 21 a multiple of 3?
True
Is 89018 a multiple of 294?
False
Is 49 a factor of 42083?
False
Is 2370 a multiple of 5?
True
Does 64 divide 543?
False
Is 3016 a multiple of 86?
False
Is 8 a factor of 576?
True
Is 3 a factor of 120?
True
Is 363 a multiple of 108?
False
Does 21 divide 714?
True
Is 11106 a multiple of 67?
False
Does 2 divide 39?
False
Is 10463 a multiple of 205?
False
Does 3 divide 308?
False
Does 22 divide 442?
False
Does 58 divide 1044?
True
Is 12 a factor of 4776?
True
Is 14 a factor of 17472?
True
Is 2112 a multiple of 22?
True
Is 13 a factor of 7670?
True
Does 15 divide 23010?
True
Is 12 a factor of 672?
True
Is 22 a factor of 880?
True
Is 33 a factor of 45331?
False
Does 9 divide 364?
False
Does 35 divide 805?
True
Does 4 divide 6408?
True
Does 3 divide 405?
True
Is 27 a factor of 8611?
False
Is 576 a multiple of 16?
True
Does 45 divide 1092?
False
Is 1351 a multiple of 10?
False
Is 6204 a multiple of 44?
True
Does 46 divide 28934?
True
Is 13 a factor of 10166?
True
Is 18 a factor of 1170?
True
Does 50 divide 1741?
False
Does 14 divide 871?
False
Is 5 a factor of 592?
False
Is 1900 a multiple of 100?
True
Is 5591 a multiple of 2?
False
Is 5 a factor of 502?
False
Does 7 divide 260?
False
Is 51 a multiple of 17?
True
Does 40 divide 1360?
True
Is 53 a factor of 9699?
True
Does 39 divide 6162?
True
Does 14 divide 573?
False
Is 16872 a multiple of 8?
True
Is 13688 a multiple of 29?
True
Is 47 a factor of 225?
False
Is 50 a multiple of 10?
True
Is 1571 a multiple of 85?
False
Is 5042 a multiple of 11?
False
Is 23088 a multiple of 13?
True
Is 17 a factor of 7225?
True
Does 2 divide 277?
False
Is 6912 a multiple of 9?
True
Is 1346 a multiple of 13?
False
Is 32 a factor of 1725?
False
Does 18 divide 576?
True
Does 88 divide 8928?
False
Is 8 a factor of 543?
False
Does 66 divide 1188?
True
Is 8 a factor of 5293?
False
Is 35788 a multiple of 92?
True
Is 54 a factor of 9396?
True
Is 40 a factor of 4496?
False
Is 50 a factor of 1700?
True
Is 6 a factor of 2543?
False
Is 23 a factor of 437?
True
Is 17 a factor of 17257?
False
Does 109 divide 52102?
True
Is 21441 a multiple of 20?
False
Is 14 a factor of 51664?
False
Does 25 divide 1575?
True
Is 33027 a multiple of 22?
False
Does 11 divide 199?
False
Is 35 a factor of 54511?
False
Is 27 a factor of 5616?
True
Is 99 a multiple of 14?
False
Is 390 a multiple of 26?
True
Is 160 a multiple of 32?
True
Is 45 a factor of 13362?
False
Is 22 a factor of 92818?
True
Is 45 a factor of 6390?
True
Is 154186 a multiple of 77?
False
Is 8 a factor of 6304?
True
Does 70 divide 1190?
True
Is 19 a factor of 25992?
True
Is 40 a factor of 7733?
False
Is 21 a factor of 1829?
False
Is 17425 a multiple of 32?
False
Is 325 a factor of 42250?
True
Is 149 a factor of 34568?
True
Is 246 a multiple of 11?
False
Does 112 divide 18764?
False
Is 10 a factor of 140?
True
Is 1584 a multiple of 99?
True
Is 770 a multiple of 8?
False
Does 9 divide 1758?
False
Does 48 divide 3209?
False
Does 7 divide 189?
True
Does 20 divide 560?
True
Is 13 a factor of 1001?
True
Is 47 a factor of 1424?
False
Is 44 a factor of 2332?
True
Does 15 divide 6240?
True
Does 48 divide 35280?
True
Is 1347 a multiple of 39?
False
Is 69 a factor of 491?
False
Is 52 a factor of 4316?
True
Is 9386 a multiple of 66?
False
Is 4156 a multiple of 7?
False
Is 784 a multiple of 98?
True
Does 47 divide 47019?
False
Does 8 divide 436?
False
Is 258 a multiple of 11?
False
Is 57 a factor of 3078?
True
Is 4020 a multiple of 16?
False
Does 5 divide 1080?
True
Is 63 a factor of 126?
True
Does 104 divide 6032?
True
Is 1116 a multiple of 9?
True
Does 8 divide 7000?
True
Does 2 divide 153?
False
Is 6800 a multiple of 200?
True
Does 61 divide 12688?
True
Is 24 a factor of 3792?
True
Is 37969 a multiple of 27?
False
Is 17 a factor of 1816?
False
Does 309 divide 50860?
False
Is 336 a multiple of 16?
True
Is 32 a factor of 438?
False
Is 16 a factor of 1695?
False
Does 14 divide 70?
True
Is 132525 a multiple of 57?
True
Is 1940 a multiple of 97?
True
Is 81738 a multiple of 15?
False
Does 9 divide 1033?
False
Does 9 divide 3885?
False
Is 37847 a multiple of 22?
False
Is 125 a factor of 105029?
False
Is 3144 a multiple of 12?
True
Is 5372 a multiple of 4?
True
Is 15 a factor of 562?
False
Is 26685 a multiple of 45?
True
Is 17 a factor of 295?
False
Does 11 divide 450?
False
Does 52 divide 3716?
False
Does 52 divide 60093?
False
Is 51 a factor of 37535?
False
Does 17 divide 941?
False
Is 217 a multiple of 16?
False
Is 50 a factor of 800?
True
Does 36 divide 504?
True
Does 28 divide 3453?
False
Does 57 divide 7935?
False
Is 102 a factor of 25806?
True
Is 1752 a multiple of 24?
True
Is 42955 a multiple of 121?
True
Is 15 a factor of 3990?
True
Is 45 a factor of 8927?
False
Is 106 a factor of 54802?
True
Does 23 divide 1035?
True
Is 9225 a multiple of 75?
True
Is 28310 a multiple of 38?
True
Does 87 divide 5715?
False
Is 433 even?
False
Is 21 a factor of 1351?
False
Does 68 divide 6298?
False
Is 4607 a multiple of 23?
False
Does 34 divide 68?
True
Is 11 a factor of 1546?
False
Is 48331 a multiple of 19?
False
Is 2183 a multiple of 49?
False
Does 68 divide 2584?
True
Is 13020 a multiple of 42?
True
Does 53 divide 890?
False
Does 7 divide 371?
True
Is 4 a factor of 132?
True
Does 6 divide 1526?
False
Is 14 a factor of 18129?
False
Does 4 divide 75?
False
Does 17 divide 221?
True
Is 60960 a multiple of 10?
True
Does 13 divide 24957?
False
Is 18 a factor of 756?
True
Is 133 a factor of 13075?
False
Is 1377 a multiple of 27?
True
Is 4500 a multiple of 45?
True
Is 12253 a multiple of 4?
False
Does 112 divide 37968?
True
Does 27 divide 5622?
False
Is 39 even?
False
Is 9 a factor of 9090?
True
Is 29 a factor of 435?
True
Does 4 divide 1546?
False
Is 2320 a multiple of 80?
True
Is 72 a factor of 16272?
True
Does 149 divide 50769?
False
Is 240 a multiple of 30?
True
Does 65 divide 1625?
True
Is 63270 a multiple of 93?
False
Is 7 a factor of 282?
False
Is 6507 a multiple of 9?
True
Is 35 a factor of 247?
False
Is 63 a multiple of 5?
False
Is 136 a factor of 27956?
False
Is 13 a factor of 31?
False
Is 57 a factor of 6441?
True
Does 14 divide 274?
False
Does 6 divide 139?
False
Is 33 a factor of 2244?
True
Is 193 a multiple of 7?
False
Is 1198 a multiple of 139?
False
Does 7 divide 17525?
False
Is 160 even?
True
Is 18 a factor of 1094?
False
Is 12 a factor of 3733?
False
Does 2 divide 90?
True
Does 98 divide 2537?
False
Is 3 a factor of 71?
False
Does 35 divide 6582?
False
Does 23 divide 2783?
True
Is 348 a multiple of 29?
True
Does 26 divide 5415?
False
Is 26 a factor of 21138?
True
Is 3726 a multiple of 19?
False
Is 428 a multiple of 3?
False
Is 13 a f